 = -5*d + 4*j + 110. Calculate the remainder when 85 is divided by d.
19
Suppose -4*p = 5*m - 77, -m + 2*p - 81 = -6*m. What is the remainder when (2 + 64 + -3)/((-19)/(-6 + -13)) is divided by m?
12
Let b(h) = 10*h**3 - 2*h**2 + h - 11. Calculate the remainder when b(3) is divided by 122.
0
Let b = 58 + -62. What is the remainder when 68 is divided by 2*b/(-16)*46?
22
Suppose 0*j = 4*j + 24. Calculate the remainder when 65 is divided by (102/(-21))/(j/42).
31
Suppose 4*u - 4 = -r, r + u - 12 = -2*r. Suppose -j - 30 = r*j. Let d(m) = -3*m - 9. Calculate the remainder when 17 is divided by d(j).
8
Suppose 5*u + 4*t = 5*t + 391, -3*u + 4*t = -238. Let r(v) = v**3 + 6*v**2 - 7*v - 9. What is the remainder when u is divided by r(-2)?
15
Suppose -7*b = -6*b - 150. Calculate the remainder when b is divided by 41.
27
What is the remainder when 764 is divided by (-64)/28*140/(-40)?
4
Suppose -51 = -2*v - 11. Suppose -5*i + v = -0. Calculate the remainder when 5 is divided by i.
1
Let r be (-1 + -20)/1 - -4. Let c(v) = -3*v - 36. What is the remainder when 42 is divided by c(r)?
12
Let w(d) = -d + 15. Let n be w(11). Calculate the remainder when 15/(-60) - (-193)/n is divided by 13.
9
Suppose -2*k + 4*m - 4 = 0, 1 = 3*k - 0*m + m. Calculate the remainder when 5 - k - (-3 + 0) is divided by 2.
0
Suppose 2*w = -12*w - 1022. Let k = 75 + w. What is the remainder when 9 is divided by k?
1
Suppose f + 372 = -3*f. Let r = f + 295. Suppose -4*w = 3*i - r, 4*i - w - 244 + 0 = 0. Calculate the remainder when i is divided by 16.
14
Let v = -547 - -379. Let q be (-4)/(-6) + v/9. Calculate the remainder when 5 is divided by 2/9 + (-32)/q.
1
Let l be (2 - -2)*280/(-32). Let j = l + 35. Suppose 4*h + 3*y - 69 = j, 0 = -5*h + 2*y - 3*y + 100. Calculate the remainder when 82 is divided by h.
19
Suppose -w - 2*l = -2*w - 17, 3 = w + 2*l. Let q(p) = p + 51. Calculate the remainder when q(w) is divided by 16.
12
Let x(f) = f**2 + 2*f - 6. Let r(g) = -g**3 + 2*g - 5. Let b be r(0). Let c(q) = q**2 - q + 2. Calculate the remainder when x(b) is divided by c(2).
1
Suppose -30*j + 31*j - 45 = 0. What is the remainder when 157 is divided by j?
22
Calculate the remainder when 1*98 - 0/17 - -5 is divided by 14/(-1)*3/(-2).
19
Let t = 177 - 150. Calculate the remainder when 53 is divided by t.
26
Suppose -j + 5*m + 43 = 0, -2*j + 5*m + 157 = 2*j. What is the remainder when 492 is divided by j?
36
Calculate the remainder when (-237)/(21/14*(-2)/5) is divided by 36.
35
Let s = -24 - -27. Suppose -c + 48 = 4*m - 6*c, 3*m - s*c = 39. Calculate the remainder when 49 is divided by m.
15
Let l(y) = -8 + 4*y + 7 - 5 + y. Calculate the remainder when 75 is divided by l(9).
36
Let r = -443 - -505. Calculate the remainder when r is divided by 9.
8
Suppose -n = -2*f + 20, -2*f - 29*n = -24*n - 32. What is the remainder when 23 is divided by f?
1
Suppose -m + 35 = 3*s + 2*s, -4*s = -3*m - 9. Suppose 0 = o + 4*o + 170. Let z = 56 + o. What is the remainder when z is divided by s?
4
Let k(t) = t**3 - 6*t**2 + 6*t - 1. Let d be k(5). Let b(v) = 6*v**2 + 4*v + 9. Calculate the remainder when b(-4) is divided by (10/d)/(1/12).
29
Calculate the remainder when (1 + 6)*(-11 + 30) is divided by 49.
35
Suppose 4*y + 18047 + 8245 = 0. What is the remainder when y/(-30) - (-13)/(-130) is divided by 20?
19
Suppose -8*x = -3754 - 3766. What is the remainder when (x/30)/(4/6) is divided by 17?
13
Let c(k) = -k**3 + 30*k**2 + k + 116. What is the remainder when c(30) is divided by 10?
6
Let n = 52 + -8. Let l be (-1)/(-2) - (-1029)/42. Suppose 2*k - l - 21 = 0. Calculate the remainder when n is divided by k.
21
Suppose 0 = p + p - 4. Suppose -2*f + 124 = p*f. What is the remainder when f is divided by 11?
9
Let n(r) = -r - 4. Let v be n(-7). Suppose 0 = -v*j + f + 268 + 219, -j = -5*f - 139. Calculate the remainder when j is divided by 33.
32
Let m(n) = 9*n**2 - n + 3. Let r(h) = 31*h - 3289. Calculate the remainder when m(-5) is divided by r(108).
56
Suppose -2*q - 35 = -i - 1, 136 = 4*i + 5*q. What is the remainder when 202 is divided by i?
32
Let v(p) = -p**2 - 8*p + 6. Let j be v(-7). Suppose 4*b - 28 = -5*x, -x + j = 3*b + 3. What is the remainder when 1*(-4 - -63) - b is divided by 15?
12
Suppose 2*f - 58 = 20. What is the remainder when 311 is divided by f?
38
Suppose 3 - 2 = v - 2*t, -3*v + 5*t + 5 = 0. Suppose 3*u = 6*u. Suppose u = -4*q - q + 10. Calculate the remainder when v is divided by q.
1
Suppose -4*b - 4*l + 14952 = 0, -59*l + 3768 = b - 64*l. What is the remainder when b is divided by 72?
71
Let n = -117 - -121. Calculate the remainder when 13 is divided by n.
1
Suppose -5*d + 245 = -p + 136, 3*p - 72 = -4*d. Calculate the remainder when 2/(-4)*-19*4 is divided by d.
17
Suppose -261*i + 260*i + 13 = 0. What is the remainder when 114 is divided by i?
10
Suppose -166*y = -163*y - 30. What is the remainder when (-2)/(-1)*24*1 is divided by y?
8
Suppose 5*b + 19 - 54 = 0. Let o(l) = -l**3 + 7*l**2 + 4*l + 8. Calculate the remainder when o(b) is divided by 10.
6
Suppose -5*j = 3*q - 55, 52 = 3*j - 9*q + 7*q. What is the remainder when j is divided by 6?
2
Calculate the remainder when 191 is divided by 2*(-2)/4 - (-48 + -1).
47
Suppose 10 = -6*b + 8*b. Calculate the remainder when 18 is divided by b.
3
Let n(q) = q - 11. Let h be n(7). Suppose -3*l + 0 = -3. Calculate the remainder when l/4 - 331/h is divided by 21.
20
Suppose 5*k + 5*z = 30, 5*k + 4*z = 9*z + 20. Calculate the remainder when 493 is divided by k.
3
Let a be -5*8/(-60)*3. Let r be (-1)/2 + 19/a. Calculate the remainder when 5 is divided by (-28)/(-12) - 3/r.
1
Suppose 2*y - 3*v = -25, 0 = y - 5*y + 5*v - 47. Let x(g) = 2*g**2 + 9*g + 1. What is the remainder when x(y) is divided by 12?
9
Suppose 2*z - 4*m + 10 = 0, -3*z + 5*m - 15 = -5. Calculate the remainder when 18 is divided by z.
3
Suppose 2*a - 8*r + 4*r - 288 = 0, 0 = 3*a + 4*r - 482. What is the remainder when a is divided by 12?
10
Suppose -4*n - 54 = -5*q, -n + 11 = q + 29. Let p(l) = l**2 + 12*l + 35. Calculate the remainder when p(n) is divided by 34.
31
Suppose -3*d + 23 - 2 = 0. Let z(w) = -5*w - 10. Suppose -16 = 2*m - 2. Calculate the remainder when z(m) is divided by d.
4
Let l(g) = -7*g**2 - 2*g. Let z(f) = -8*f**2 - 2*f - 1. Let x(p) = -5*l(p) + 4*z(p). Let i = 7482 - 7339. Calculate the remainder when i is divided by x(-4).
35
Suppose 5*w = -5*v + 570, -2*v - 23*w = -14*w - 242. What is the remainder when v is divided by 1/2 + (-114)/(-4)?
25
Suppose -5*f + 6 = -4. Suppose 2*r = -r - 3*t + 15, -3*t - 5 = -f*r. Let x(z) = -14*z**3 + 3*z**2 + z - 1. What is the remainder when x(-1) is divided by r?
3
Let l(g) be the third derivative of -g**6/120 - g**5/10 + 7*g**3/3 - 12*g**2. What is the remainder when 24 is divided by l(-6)?
10
Suppose 45*k = 6*k + 1677. Suppose 49 = 5*r - 3*w, 5*r = 4*r + 3*w + 5. Calculate the remainder when k is divided by r.
10
Let n = -50 + 53. Suppose 0 = n*f - 52 - 17. What is the remainder when 85 is divided by f?
16
What is the remainder when ((-30)/(-4))/((-54)/(-1332)) is divided by ((-3)/6)/(4/(-248))?
30
Calculate the remainder when 3 + (-144)/42 - 423/(-7) is divided by 40.
20
Let c(r) = -r**2 - 9*r + 5. Let v be c(-9). Suppose z - v = 2. Let w = -224 - -251. Calculate the remainder when w is divided by z.
6
Let w(a) = 3*a**2 + 45*a - 6. Calculate the remainder when w(-19) is divided by 25.
22
Let d = -5 - -4. Let s be -8 + 34 + 5 + d. Calculate the remainder when (355/s - -3)*6 is divided by 15.
14
Let r(a) = a**3 - 24*a**2 - 28*a + 84. What is the remainder when 69 is divided by r(25)?
6
Let i = -1 - -1. Suppose 113 = 5*w + 3*t, 2*w + t - 6*t - 39 = i. Calculate the remainder when -9 - -6*400/48 is divided by w.
19
Let d = -543 - -615. What is the remainder when 285 is divided by d?
69
Let j = 834 + 190. Calculate the remainder when j is divided by 27.
25
Suppose 19 + 5 = 3*o. Let w = o - -13. Calculate the remainder when w is divided by (-50)/(-4) + (-3)/6.
9
Calculate the remainder when -2 + 0/(-1) + (-3 - -126) is divided by 31.
28
Suppose -5*u + 740 = -0*u. What is the remainder when u is divided by 38?
34
Suppose -1092 = -8*v - 5*v. Suppose -4*f + 56 = -12. What is the remainder when v is divided by f?
16
Suppose -q =